23
In base 16, what is -2db + 1?
-2da
In base 4, what is -1 - -112?
111
In base 9, what is -2 + 1828?
1826
In base 9, what is 3 + -85?
-82
In base 7, what is -1 - -106?
105
In base 12, what is -324 - 5?
-329
In base 4, what is -131 - 202?
-333
In base 14, what is -13c - 40?
-17c
In base 12, what is -7685 + -1?
-7686
In base 16, what is -39 - 22?
-5b
In base 7, what is -21 + 34?
13
In base 3, what is 11 - 1022202?
-1022121
In base 15, what is 12e - 10?
11e
In base 10, what is -406 + -15?
-421
In base 10, what is -22 + -5?
-27
In base 11, what is 73 - 18?
56
In base 9, what is -6054 + 5?
-6048
In base 16, what is -53 + 5d?
a
In base 11, what is 56 - -26?
81
In base 8, what is 33 - -11?
44
In base 11, what is 224 - 1?
223
In base 3, what is 10 + -2220?
-2210
In base 13, what is 7 + 2?
9
In base 10, what is 3421 - 3?
3418
In base 3, what is 2210022 + 0?
2210022
In base 9, what is 5 - 121?
-115
In base 2, what is 100 + -11010?
-10110
In base 6, what is -22 + -15?
-41
In base 12, what is -3 - 30a?
-311
In base 4, what is -2 + -12323?
-12331
In base 7, what is -1115 - 4?
-1122
In base 13, what is 8 - -b2?
ba
In base 14, what is -14 - -34?
20
In base 3, what is -2202 + 10?
-2122
In base 11, what is 74 - -1?
75
In base 13, what is -3 - -370?
36a
In base 6, what is 135 - -4?
143
In base 8, what is 5 - -32?
37
In base 5, what is -2 + -1014?
-1021
In base 8, what is 1353 - -5?
1360
In base 2, what is 1010000001001 - -1?
1010000001010
In base 4, what is -2 + 20211?
20203
In base 2, what is -101111010101 - 11?
-101111011000
In base 12, what is 5 + -6?
-1
In base 15, what is d8 - -1?
d9
In base 2, what is 1101000 + 100?
1101100
In base 11, what is 3 + 93?
96
In base 7, what is -5445 + 2?
-5443
In base 10, what is 1 - 7?
-6
In base 13, what is -84 + 5?
-7c
In base 12, what is 603 + 2?
605
In base 7, what is -3 - 453?
-456
In base 10, what is -427 - 5?
-432
In base 12, what is 21 - -4?
25
In base 14, what is -38 - 10?
-48
In base 4, what is -12 - 22122?
-22200
In base 7, what is 22 + -3?
16
In base 9, what is 1 + -16?
-15
In base 5, what is -14 - -13?
-1
In base 9, what is 1 - 145?
-144
In base 11, what is 167 - -5?
171
In base 12, what is -26 + 4?
-22
In base 8, what is -3 + -161?
-164
In base 3, what is 10221212 + 11?
10222000
In base 4, what is 12210 + -1?
12203
In base 10, what is -969 + -16?
-985
In base 7, what is 0 + -530?
-530
In base 13, what is -2b30 + 1?
-2b2c
In base 14, what is -79 + 0?
-79
In base 6, what is -11 + -124?
-135
In base 11, what is 253 - 2?
251
In base 5, what is 1111 + -30?
1031
In base 8, what is -1075 + 5?
-1070
In base 2, what is -10 + 1111001?
1110111
In base 12, what is 239 - -5?
242
In base 8, what is 36 - 2076?
-2040
In base 3, what is -100 + 1201?
1101
In base 3, what is -1022 + -201?
-2000
In base 15, what is -5 - 143?
-148
In base 12, what is 105 + 1?
106
In base 4, what is 1011 + -33?
312
In base 10, what is -30 - -2?
-28
In base 11, what is 319 - 2?
317
In base 3, what is 11 + 221?
1002
In base 11, what is 1 + -1139?
-1138
In base 8, what is -57 + -64?
-143
In base 15, what is -46 + 6?
-40
In base 9, what is 0 - 1735?
-1735
In base 2, what is 1000 - -1010?
10010
In base 15, what is bc + 12?
ce
In base 6, what is 12 - -1231?
1243
In base 2, what is 101100011101 + -1001?
101100010100
In base 4, what is 3022 - 10?
3012
In base 7, what is -5 - 353?
-361
In base 5, what is 101 - -103?
204
In base 15, what is -d - 307?
-315
In base 6, what is -2 + 3432?
3430
In base 11, what is -2 - 297?
-299
In base 3, what is -1010020 + 1?
-1010012
In base 3, what is -2 + -2120?
-2122
In base 11, what is 22 - -5?
27
In base 8, what is -4 + -53?
-57
In base 13, what is 3 + 21c?
222
In base 6, what is 255 + 5?
304
In base 11, what is -1934 + 4?
-1930
In base 2, what is 1011010 - 101?
1010101
In base 11, what is -6 - -1056?
1050
In base 10, what is -20 - 53?
-73
In base 4, what is 231 + -11?
220
In base 16, what is -14b + 1?
-14a
In base 2, what is 10000110 + -100010?
1100100
In base 4, what is 230 + 1?
231
In base 2, what is -111110 + 10010?
-101100
In base 7, what is -1353 + -4?
-1360
In base 12, what is 301 + 0?
301
In base 9, what is 1 - 43?
-42
In base 12, what is 684 + -3?
681
In base 15, what is -9 + 6a?
61
In base 4, what is 1020031 + 12?
1020103
In base 11, what is -82 - -1?
-81
In base 5, what is 4313 + 3?
4321
In base 4, what is 3 - -10321?
10330
In base 15, what is -15 + 4?
-11
In base 14, what is 3 - -7c?
81
In base 13, what is -3a4 - -c?
-395
In base 6, what is -2 - -115?
113
In base 13, what is 347 - 2?
345
In base 4, what is -1022 + 21?
-1001
In base 12, what is 1 + 9?
a
In base 2, what is 1011 - 101111?
-100100
In base 10, what is 12769 + 3?
12772
In base 5, what is 32 - -220?
302
In base 5, what is -334 + 4?
-330
In base 16, what is -3 + 116?
113
In base 11, what is -2 - -1?
-1
In base 6, what is -2 - 20124?
-20130
In base 14, what is -4 - -b3?
ad
In base 7, what is -104 - 16?
-123
In base 7, what is -5 - -55?
50
In base 15, what is 5 + 17?
1c
In base 15, what is -4 + -438?
-43c
In base 10, what is 592 - 1?
591
In base 10, what is -85 + 4?
-81
In base 14, what is -153 - -3?
-150
In base 4, what is -3 - 2111?
-2120
In base 2, what is 1001000110100 + 10?
1001000110110
In base 14, what is -66 - -5?
-61
In base 11, what is -4 + 14?
10
In base 11, what is 2 - -97?
99
In base 11, what is 876 - -3?
879
In base 16, what is -153 + -4?
-157
In base 7, what is 3 - -3143?
3146
In base 10, what is -12 + 9?
-3
In base 8, what is -5 + -1402?
-1407
In base 10, what is -1620 - 2?
-1622
In base 9, what is -3213 - -3?
-3210
In base 15, what is 1c - 23?
-6
In base 2, what is -101 - -110100010?
110011101
In base 8, what is -22 - -35?
13
In base 10, what is -14 + -82?
-96
In base 14, what is -1ad6 + 5?
-1ad1
In base 16, what is d + -1f?
-12
In base 7, what is -242 + 3?
-236
In base 12, what is -173 - 3?
-176
In base 16, what is 1 + -5c8?
-5c7
In base 10, what is -35 - -5?
-30
In base 3, what is -222 - 21?
-1020
In base 2, what is 1101100 + 0?
1101100
In base 12, what is 1194 + 3?
1197
In base 4, what is -131 - 0?
-131
In base 11, what is -11 - -a?
-2
In base 9, what is -3 + 42?
38
In base 10, what is 17 - -10?
27
In base 3, what is -21010 + -1012?
-22022
In base 16, what is 1 - 9?
-8
In base 2, what is -101 + -1101001?
-1101110
In base 7, what is -5 - -132?
124
In base 9, what is 253 + 4?
257
In base 12, what is -12 - -24?
12
In base 2, what is -11001 - -100?
-10101
In base 5, what is 20201 + 0?
20201
In base 12, what is -45 - -89?
44
In base 4, what is -12222 + 1?
-12221
In base 3, what is -20011 - -22?
-12212
In base 5, what is -2103 - 3?
-2111
In base 8, what is -1107 + -15?
-1124
In base 13, what is 35 + -137?
-102
In base 12, what is 68 + 14?
80
In base 10, what is 5 - 57?
-52
In base 11, what is 1424 + -7?
1418
In base 15, what is e - -11?
20
In base 6, what is 1445 + 300?
2145
In base 8, what is 23452 - -1?
23453
In base 11, what is 727 + -6?
721
In base 16, what is 5 - -28?
2d
In base 3, what is -1200 - -100?
-1100
In base 9, what is -7 - 157?
-165
In base 9, what is -480 + -1?
-481
In base 4, what is -2112 + 131?
-1321
In base 11, what is 1 + -9?
-8
In base 4, what is -10 - 30302?
-30312
In base 16, what is -4 + -f8?
-fc
In base 8, what is -3445 + 13?
-3432
In base 15, what is 17a - -3?
17d
In base 5, what is -1 + 2001?
2000
In base 6, what is -5041 - 12?
-5053
In base 14, what is -6 + -5c?
-64
In base 10, what is 5 - -1352?
1357
In base 14, what is -37 + -11?
-48
In base 5, what is -10 + -200?
-210
In base 10, what is 5 + 57?
62
In base 6, what is -2 - 1253?
-1255
In base 11, what is -15a0 + 1?
-159a
In base 7, what is -41 + 41?
0
In base 10, what is 2 - 2?
0
In base 10, what is 11 + 1146?
1157
In base 4, what is -1001 + -1?
-1002
In base 13, what is 29 - -13?
3c
In base 15, what is -11 - 2b?
-3c
In base 14, what is -4 - -323?
31d
In base 3, what is -10021 - 0?
-10021
In base 3, what is 211211 + -100?
211111
In base 5, what is -422 - -44?
-323
In base 8, what is -15 + 1?
-14
In base 8, what is 10 - 244?
-234
In base 13, what is 3894 - 1?
3893
In base 10, what is 52 - -21?
73
In base 7, what is -5252 + -5?
-5260
In base 8, what is -315 - 110?
-425
In base 12, what is -1 + -192?
-193
In base 6, what is 33 - 4?
25
In base 5, what is -4 